{"id":3,"date":"2025-02-18T13:04:13","date_gmt":"2025-02-18T12:04:13","guid":{"rendered":"http:\/\/uneeclosiondedouceur.fr\/?page_id=3"},"modified":"2025-05-16T10:50:06","modified_gmt":"2025-05-16T08:50:06","slug":"politique-de-confidentialite","status":"publish","type":"page","link":"https:\/\/uneeclosiondedouceur.fr\/index.php\/politique-de-confidentialite\/","title":{"rendered":"Politique de confidentialit\u00e9"},"content":{"rendered":"\t\t<div data-elementor-type=\"wp-page\" data-elementor-id=\"3\" class=\"elementor elementor-3\" data-elementor-post-type=\"page\">\n\t\t\t\t<div class=\"elementor-element elementor-element-208c290e e-flex e-con-boxed e-con e-parent\" data-id=\"208c290e\" data-element_type=\"container\" data-e-type=\"container\">\n\t\t\t\t\t<div class=\"e-con-inner\">\n\t\t\t\t<div class=\"elementor-element elementor-element-c328536 elementor-widget elementor-widget-heading\" data-id=\"c328536\" data-element_type=\"widget\" data-e-type=\"widget\" data-widget_type=\"heading.default\">\n\t\t\t\t<div class=\"elementor-widget-container\">\n\t\t\t\t\t<h2 class=\"elementor-heading-title elementor-size-default\">Politique de confidentialit\u00e9<\/h2>\t\t\t\t<\/div>\n\t\t\t\t<\/div>\n\t\t\t\t<div class=\"elementor-element elementor-element-9d887c4 elementor-widget elementor-widget-text-editor\" data-id=\"9d887c4\" data-element_type=\"widget\" data-e-type=\"widget\" data-widget_type=\"text-editor.default\">\n\t\t\t\t<div class=\"elementor-widget-container\">\n\t\t\t\t\t\t\t\t\t<h3 data-start=\"282\" data-end=\"303\">1. Introduction<\/h3>\n<p data-start=\"304\" data-end=\"573\">Chez \u00c9closion de Douceur, la protection de vos donn\u00e9es personnelles est une priorit\u00e9. Cette politique de confidentialit\u00e9 a pour but de vous informer sur la mani\u00e8re dont nous collectons, utilisons, conservons et prot\u00e9geons vos donn\u00e9es lorsque vous utilisez nos services.<\/p>\n<h3 data-start=\"575\" data-end=\"621\">2. Responsable du traitement des donn\u00e9es<\/h3>\n<p data-start=\"622\" data-end=\"773\">Le responsable du traitement des donn\u00e9es est :<\/p>\n<p data-start=\"622\" data-end=\"773\"><br data-start=\"668\" data-end=\"671\" \/>\u00c9closion de Douceur<br data-start=\"690\" data-end=\"693\" \/>42bis rue de la m\u00e9canique 81200 AUSILLON<\/p>\n<p data-start=\"622\" data-end=\"773\">Email : contact@uneeclosiondedouceur.fr<br data-start=\"737\" data-end=\"740\" \/><br \/><\/p>\n<h3 data-start=\"775\" data-end=\"802\">3. Donn\u00e9es collect\u00e9es<\/h3>\n<p data-start=\"803\" data-end=\"939\">Nous collectons uniquement les donn\u00e9es n\u00e9cessaires \u00e0 la gestion de votre commande et \u00e0 la communication avec vous. Cela peut inclure :<\/p>\n<ul data-start=\"940\" data-end=\"1098\">\n<li data-start=\"940\" data-end=\"957\">\n<p data-start=\"942\" data-end=\"957\">Nom et pr\u00e9nom<\/p>\n<\/li>\n<li data-start=\"958\" data-end=\"977\">\n<p data-start=\"960\" data-end=\"977\">Adresse postale<\/p>\n<\/li>\n<li data-start=\"978\" data-end=\"995\">\n<p data-start=\"980\" data-end=\"995\">Adresse email<\/p>\n<\/li>\n<li data-start=\"996\" data-end=\"1019\">\n<p data-start=\"998\" data-end=\"1019\">Num\u00e9ro de t\u00e9l\u00e9phone<\/p>\n<\/li>\n<li data-start=\"1020\" data-end=\"1048\">\n<p data-start=\"1022\" data-end=\"1048\">Informations de paiement<\/p>\n<\/li>\n<li data-start=\"1049\" data-end=\"1098\">\n<p data-start=\"1051\" data-end=\"1098\">Donn\u00e9es de navigation sur le site (via cookies)<\/p>\n<\/li>\n<\/ul>\n<h3 data-start=\"1100\" data-end=\"1132\">4. Finalit\u00e9s du traitement<\/h3>\n<p data-start=\"1133\" data-end=\"1168\">Vos donn\u00e9es sont utilis\u00e9es pour :<\/p>\n<ul data-start=\"1169\" data-end=\"1373\">\n<li data-start=\"1169\" data-end=\"1204\">\n<p data-start=\"1171\" data-end=\"1204\">Traiter et livrer vos commandes<\/p>\n<\/li>\n<li data-start=\"1205\" data-end=\"1245\">\n<p data-start=\"1207\" data-end=\"1245\">R\u00e9pondre \u00e0 vos demandes et questions<\/p>\n<\/li>\n<li data-start=\"1246\" data-end=\"1316\">\n<p data-start=\"1248\" data-end=\"1316\">Vous envoyer des informations commerciales si vous y avez consenti<\/p>\n<\/li>\n<li data-start=\"1317\" data-end=\"1373\">\n<p data-start=\"1319\" data-end=\"1373\">Am\u00e9liorer nos services et votre exp\u00e9rience utilisateur<\/p>\n<\/li>\n<\/ul>\n<h3 data-start=\"1375\" data-end=\"1409\">5. Base l\u00e9gale du traitement<\/h3>\n<p data-start=\"1410\" data-end=\"1464\">Nous traitons vos donn\u00e9es personnelles sur la base :<\/p>\n<ul data-start=\"1465\" data-end=\"1622\">\n<li data-start=\"1465\" data-end=\"1521\">\n<p data-start=\"1467\" data-end=\"1521\">De l\u2019ex\u00e9cution du contrat (traitement des commandes)<\/p>\n<\/li>\n<li data-start=\"1522\" data-end=\"1571\">\n<p data-start=\"1524\" data-end=\"1571\">Du consentement (pour l\u2019envoi de newsletters)<\/p>\n<\/li>\n<li data-start=\"1572\" data-end=\"1622\">\n<p data-start=\"1574\" data-end=\"1622\">Du respect d\u2019une obligation l\u00e9gale (facturation)<\/p>\n<\/li>\n<\/ul>\n<h3 data-start=\"1624\" data-end=\"1654\">6. Dur\u00e9e de conservation<\/h3>\n<p data-start=\"1655\" data-end=\"1891\">Vos donn\u00e9es sont conserv\u00e9es pendant la dur\u00e9e n\u00e9cessaire \u00e0 la gestion de notre relation commerciale et, au maximum, pendant 3 ans apr\u00e8s la derni\u00e8re interaction. Les donn\u00e9es comptables sont conserv\u00e9es 10 ans conform\u00e9ment \u00e0 la l\u00e9gislation.<\/p>\n<h3 data-start=\"1893\" data-end=\"1927\">7. Destinataires des donn\u00e9es<\/h3>\n<p data-start=\"1928\" data-end=\"2128\">Vos donn\u00e9es sont accessibles uniquement par le personnel habilit\u00e9 d\u2019\u00c9closion de Douceur et, le cas \u00e9ch\u00e9ant, par nos prestataires li\u00e9s \u00e0 l\u2019ex\u00e9cution des commandes (transporteurs, services de paiement).<\/p>\n<h3 data-start=\"2130\" data-end=\"2147\">8. S\u00e9curit\u00e9<\/h3>\n<p data-start=\"2148\" data-end=\"2277\">Nous mettons en \u0153uvre des mesures techniques et organisationnelles pour assurer la s\u00e9curit\u00e9 et la confidentialit\u00e9 de vos donn\u00e9es.<\/p>\n<h3 data-start=\"2279\" data-end=\"2298\">9. Vos droits<\/h3>\n<p data-start=\"2299\" data-end=\"2381\">Conform\u00e9ment \u00e0 la r\u00e9glementation applicable, vous disposez des droits suivants :<\/p>\n<ul data-start=\"2382\" data-end=\"2728\">\n<li data-start=\"2382\" data-end=\"2407\">\n<p data-start=\"2384\" data-end=\"2407\">D\u2019acc\u00e8s \u00e0 vos donn\u00e9es<\/p>\n<\/li>\n<li data-start=\"2408\" data-end=\"2444\">\n<p data-start=\"2410\" data-end=\"2444\">De rectification en cas d\u2019erreur<\/p>\n<\/li>\n<li data-start=\"2445\" data-end=\"2487\">\n<p data-start=\"2447\" data-end=\"2487\">D\u2019effacement sous certaines conditions<\/p>\n<\/li>\n<li data-start=\"2488\" data-end=\"2519\">\n<p data-start=\"2490\" data-end=\"2519\">De limitation du traitement<\/p>\n<\/li>\n<li data-start=\"2520\" data-end=\"2553\">\n<p data-start=\"2522\" data-end=\"2553\">De portabilit\u00e9 de vos donn\u00e9es<\/p>\n<\/li>\n<li data-start=\"2554\" data-end=\"2584\">\n<p data-start=\"2556\" data-end=\"2584\">D\u2019opposition au traitement<\/p>\n<\/li>\n<li data-start=\"2585\" data-end=\"2681\">\n<p data-start=\"2587\" data-end=\"2681\">De retirer votre consentement \u00e0 tout moment (notamment pour les communications commerciales)<\/p>\n<\/li>\n<li data-start=\"2682\" data-end=\"2728\">\n<p data-start=\"2684\" data-end=\"2728\">De d\u00e9poser une r\u00e9clamation aupr\u00e8s de la CNIL<\/p>\n<\/li>\n<\/ul>\n<p data-start=\"2730\" data-end=\"2819\">Pour exercer vos droits, vous pouvez nous contacter \u00e0 l\u2019adresse email indiqu\u00e9e ci-dessus.<\/p>\n<h3 data-start=\"2821\" data-end=\"2838\">10. Cookies<\/h3>\n<p data-start=\"2839\" data-end=\"2966\">Notre site utilise des cookies pour am\u00e9liorer votre exp\u00e9rience. Vous pouvez g\u00e9rer vos pr\u00e9f\u00e9rences cookies via votre navigateur.<\/p>\n<h3 data-start=\"2968\" data-end=\"3007\">11. Modifications de la politique<\/h3>\n<p data-start=\"3008\" data-end=\"3175\">Nous nous r\u00e9servons le droit de modifier cette politique de confidentialit\u00e9 \u00e0 tout moment. Toute modification sera publi\u00e9e sur cette page avec une date de mise \u00e0 jour.<\/p>\t\t\t\t\t\t\t\t<\/div>\n\t\t\t\t<\/div>\n\t\t\t\t\t<\/div>\n\t\t\t\t<\/div>\n\t\t\t\t<\/div>\n\t\t","protected":false},"excerpt":{"rendered":"<p>Politique de confidentialit\u00e9 1. Introduction Chez \u00c9closion de Douceur, la protection de vos donn\u00e9es personnelles est une priorit\u00e9. Cette politique de confidentialit\u00e9 a pour but de vous informer sur la mani\u00e8re dont nous collectons, utilisons, conservons et prot\u00e9geons vos donn\u00e9es lorsque vous utilisez nos services. 2. Responsable du traitement des donn\u00e9es Le responsable du traitement [&hellip;]<\/p>\n","protected":false},"author":1,"featured_media":0,"parent":0,"menu_order":0,"comment_status":"closed","ping_status":"open","template":"","meta":{"footnotes":""},"class_list":["post-3","page","type-page","status-publish","hentry"],"yoast_head":"<!-- This site is optimized with the Yoast SEO plugin v27.3 - https:\/\/yoast.com\/product\/yoast-seo-wordpress\/ -->\n<title>Politique de confidentialit\u00e9 - Une \u00e9closion de douceur<\/title>\n<meta name=\"robots\" content=\"index, follow, max-snippet:-1, max-image-preview:large, max-video-preview:-1\" \/>\n<link rel=\"canonical\" href=\"https:\/\/uneeclosiondedouceur.fr\/index.php\/politique-de-confidentialite\/\" \/>\n<meta property=\"og:locale\" content=\"fr_FR\" \/>\n<meta property=\"og:type\" content=\"article\" \/>\n<meta property=\"og:title\" content=\"Politique de confidentialit\u00e9 - Une \u00e9closion de douceur\" \/>\n<meta property=\"og:description\" content=\"Politique de confidentialit\u00e9 1. Introduction Chez \u00c9closion de Douceur, la protection de vos donn\u00e9es personnelles est une priorit\u00e9. Cette politique de confidentialit\u00e9 a pour but de vous informer sur la mani\u00e8re dont nous collectons, utilisons, conservons et prot\u00e9geons vos donn\u00e9es lorsque vous utilisez nos services. 2. Responsable du traitement des donn\u00e9es Le responsable du traitement [&hellip;]\" \/>\n<meta property=\"og:url\" content=\"https:\/\/uneeclosiondedouceur.fr\/index.php\/politique-de-confidentialite\/\" \/>\n<meta property=\"og:site_name\" content=\"Une \u00e9closion de douceur\" \/>\n<meta property=\"article:modified_time\" content=\"2025-05-16T08:50:06+00:00\" \/>\n<meta name=\"twitter:card\" content=\"summary_large_image\" \/>\n<meta name=\"twitter:label1\" content=\"Dur\u00e9e de lecture estim\u00e9e\" \/>\n\t<meta name=\"twitter:data1\" content=\"3 minutes\" \/>\n<script type=\"application\/ld+json\" class=\"yoast-schema-graph\">{\"@context\":\"https:\\\/\\\/schema.org\",\"@graph\":[{\"@type\":\"WebPage\",\"@id\":\"https:\\\/\\\/uneeclosiondedouceur.fr\\\/index.php\\\/politique-de-confidentialite\\\/\",\"url\":\"https:\\\/\\\/uneeclosiondedouceur.fr\\\/index.php\\\/politique-de-confidentialite\\\/\",\"name\":\"Politique de confidentialit\u00e9 - Une \u00e9closion de douceur\",\"isPartOf\":{\"@id\":\"https:\\\/\\\/uneeclosiondedouceur.fr\\\/#website\"},\"datePublished\":\"2025-02-18T12:04:13+00:00\",\"dateModified\":\"2025-05-16T08:50:06+00:00\",\"breadcrumb\":{\"@id\":\"https:\\\/\\\/uneeclosiondedouceur.fr\\\/index.php\\\/politique-de-confidentialite\\\/#breadcrumb\"},\"inLanguage\":\"fr-FR\",\"potentialAction\":[{\"@type\":\"ReadAction\",\"target\":[\"https:\\\/\\\/uneeclosiondedouceur.fr\\\/index.php\\\/politique-de-confidentialite\\\/\"]}]},{\"@type\":\"BreadcrumbList\",\"@id\":\"https:\\\/\\\/uneeclosiondedouceur.fr\\\/index.php\\\/politique-de-confidentialite\\\/#breadcrumb\",\"itemListElement\":[{\"@type\":\"ListItem\",\"position\":1,\"name\":\"Accueil\",\"item\":\"https:\\\/\\\/uneeclosiondedouceur.fr\\\/\"},{\"@type\":\"ListItem\",\"position\":2,\"name\":\"Politique de confidentialit\u00e9\"}]},{\"@type\":\"WebSite\",\"@id\":\"https:\\\/\\\/uneeclosiondedouceur.fr\\\/#website\",\"url\":\"https:\\\/\\\/uneeclosiondedouceur.fr\\\/\",\"name\":\"Une \u00e9closion de douceur\",\"description\":\"Cr\u00e9ations florales et po\u00e9tiques\",\"publisher\":{\"@id\":\"https:\\\/\\\/uneeclosiondedouceur.fr\\\/#organization\"},\"potentialAction\":[{\"@type\":\"SearchAction\",\"target\":{\"@type\":\"EntryPoint\",\"urlTemplate\":\"https:\\\/\\\/uneeclosiondedouceur.fr\\\/?s={search_term_string}\"},\"query-input\":{\"@type\":\"PropertyValueSpecification\",\"valueRequired\":true,\"valueName\":\"search_term_string\"}}],\"inLanguage\":\"fr-FR\"},{\"@type\":\"Organization\",\"@id\":\"https:\\\/\\\/uneeclosiondedouceur.fr\\\/#organization\",\"name\":\"Une \u00e9closion de douceur\",\"url\":\"https:\\\/\\\/uneeclosiondedouceur.fr\\\/\",\"logo\":{\"@type\":\"ImageObject\",\"inLanguage\":\"fr-FR\",\"@id\":\"https:\\\/\\\/uneeclosiondedouceur.fr\\\/#\\\/schema\\\/logo\\\/image\\\/\",\"url\":\"https:\\\/\\\/uneeclosiondedouceur.fr\\\/wp-content\\\/uploads\\\/2025\\\/02\\\/Logo-2.png\",\"contentUrl\":\"https:\\\/\\\/uneeclosiondedouceur.fr\\\/wp-content\\\/uploads\\\/2025\\\/02\\\/Logo-2.png\",\"width\":500,\"height\":500,\"caption\":\"Une \u00e9closion de douceur\"},\"image\":{\"@id\":\"https:\\\/\\\/uneeclosiondedouceur.fr\\\/#\\\/schema\\\/logo\\\/image\\\/\"},\"sameAs\":[\"https:\\\/\\\/www.instagram.com\\\/une.eclosion.de.douceur\\\/\"]}]}<\/script>\n<!-- \/ Yoast SEO plugin. -->","yoast_head_json":{"title":"Politique de confidentialit\u00e9 - Une \u00e9closion de douceur","robots":{"index":"index","follow":"follow","max-snippet":"max-snippet:-1","max-image-preview":"max-image-preview:large","max-video-preview":"max-video-preview:-1"},"canonical":"https:\/\/uneeclosiondedouceur.fr\/index.php\/politique-de-confidentialite\/","og_locale":"fr_FR","og_type":"article","og_title":"Politique de confidentialit\u00e9 - Une \u00e9closion de douceur","og_description":"Politique de confidentialit\u00e9 1. Introduction Chez \u00c9closion de Douceur, la protection de vos donn\u00e9es personnelles est une priorit\u00e9. Cette politique de confidentialit\u00e9 a pour but de vous informer sur la mani\u00e8re dont nous collectons, utilisons, conservons et prot\u00e9geons vos donn\u00e9es lorsque vous utilisez nos services. 2. Responsable du traitement des donn\u00e9es Le responsable du traitement [&hellip;]","og_url":"https:\/\/uneeclosiondedouceur.fr\/index.php\/politique-de-confidentialite\/","og_site_name":"Une \u00e9closion de douceur","article_modified_time":"2025-05-16T08:50:06+00:00","twitter_card":"summary_large_image","twitter_misc":{"Dur\u00e9e de lecture estim\u00e9e":"3 minutes"},"schema":{"@context":"https:\/\/schema.org","@graph":[{"@type":"WebPage","@id":"https:\/\/uneeclosiondedouceur.fr\/index.php\/politique-de-confidentialite\/","url":"https:\/\/uneeclosiondedouceur.fr\/index.php\/politique-de-confidentialite\/","name":"Politique de confidentialit\u00e9 - Une \u00e9closion de douceur","isPartOf":{"@id":"https:\/\/uneeclosiondedouceur.fr\/#website"},"datePublished":"2025-02-18T12:04:13+00:00","dateModified":"2025-05-16T08:50:06+00:00","breadcrumb":{"@id":"https:\/\/uneeclosiondedouceur.fr\/index.php\/politique-de-confidentialite\/#breadcrumb"},"inLanguage":"fr-FR","potentialAction":[{"@type":"ReadAction","target":["https:\/\/uneeclosiondedouceur.fr\/index.php\/politique-de-confidentialite\/"]}]},{"@type":"BreadcrumbList","@id":"https:\/\/uneeclosiondedouceur.fr\/index.php\/politique-de-confidentialite\/#breadcrumb","itemListElement":[{"@type":"ListItem","position":1,"name":"Accueil","item":"https:\/\/uneeclosiondedouceur.fr\/"},{"@type":"ListItem","position":2,"name":"Politique de confidentialit\u00e9"}]},{"@type":"WebSite","@id":"https:\/\/uneeclosiondedouceur.fr\/#website","url":"https:\/\/uneeclosiondedouceur.fr\/","name":"Une \u00e9closion de douceur","description":"Cr\u00e9ations florales et po\u00e9tiques","publisher":{"@id":"https:\/\/uneeclosiondedouceur.fr\/#organization"},"potentialAction":[{"@type":"SearchAction","target":{"@type":"EntryPoint","urlTemplate":"https:\/\/uneeclosiondedouceur.fr\/?s={search_term_string}"},"query-input":{"@type":"PropertyValueSpecification","valueRequired":true,"valueName":"search_term_string"}}],"inLanguage":"fr-FR"},{"@type":"Organization","@id":"https:\/\/uneeclosiondedouceur.fr\/#organization","name":"Une \u00e9closion de douceur","url":"https:\/\/uneeclosiondedouceur.fr\/","logo":{"@type":"ImageObject","inLanguage":"fr-FR","@id":"https:\/\/uneeclosiondedouceur.fr\/#\/schema\/logo\/image\/","url":"https:\/\/uneeclosiondedouceur.fr\/wp-content\/uploads\/2025\/02\/Logo-2.png","contentUrl":"https:\/\/uneeclosiondedouceur.fr\/wp-content\/uploads\/2025\/02\/Logo-2.png","width":500,"height":500,"caption":"Une \u00e9closion de douceur"},"image":{"@id":"https:\/\/uneeclosiondedouceur.fr\/#\/schema\/logo\/image\/"},"sameAs":["https:\/\/www.instagram.com\/une.eclosion.de.douceur\/"]}]}},"jetpack_sharing_enabled":true,"_links":{"self":[{"href":"https:\/\/uneeclosiondedouceur.fr\/index.php\/wp-json\/wp\/v2\/pages\/3","targetHints":{"allow":["GET"]}}],"collection":[{"href":"https:\/\/uneeclosiondedouceur.fr\/index.php\/wp-json\/wp\/v2\/pages"}],"about":[{"href":"https:\/\/uneeclosiondedouceur.fr\/index.php\/wp-json\/wp\/v2\/types\/page"}],"author":[{"embeddable":true,"href":"https:\/\/uneeclosiondedouceur.fr\/index.php\/wp-json\/wp\/v2\/users\/1"}],"replies":[{"embeddable":true,"href":"https:\/\/uneeclosiondedouceur.fr\/index.php\/wp-json\/wp\/v2\/comments?post=3"}],"version-history":[{"count":3,"href":"https:\/\/uneeclosiondedouceur.fr\/index.php\/wp-json\/wp\/v2\/pages\/3\/revisions"}],"predecessor-version":[{"id":1115,"href":"https:\/\/uneeclosiondedouceur.fr\/index.php\/wp-json\/wp\/v2\/pages\/3\/revisions\/1115"}],"wp:attachment":[{"href":"https:\/\/uneeclosiondedouceur.fr\/index.php\/wp-json\/wp\/v2\/media?parent=3"}],"curies":[{"name":"wp","href":"https:\/\/api.w.org\/{rel}","templated":true}]}}