{"id":1715,"date":"2025-12-05T14:42:33","date_gmt":"2025-12-05T13:42:33","guid":{"rendered":"https:\/\/uneeclosiondedouceur.fr\/?post_type=product&#038;p=1715"},"modified":"2025-12-05T18:09:33","modified_gmt":"2025-12-05T17:09:33","slug":"jour-de-neige-etiquettes-cadeaux","status":"publish","type":"product","link":"https:\/\/uneeclosiondedouceur.fr\/index.php\/produit\/jour-de-neige-etiquettes-cadeaux\/","title":{"rendered":"Jour de neige | Etiquettes cadeaux"},"content":{"rendered":"","protected":false},"excerpt":{"rendered":"<p>Reproduction de mes aquarelles<\/p>\n<p>J\u2019ai toujours aim\u00e9 apporter un soin particulier \u00e0 chacun de mes pr\u00e9sents. Pendant que les maisons s\u2019allumaient dans mon village et que les fum\u00e9es de chemin\u00e9e enveloppaient le paysage blanc, je prenais le temps de fabriquer et de personnaliser mes cr\u00e9ations. Cela ajoutait une touche sp\u00e9ciale que mes destinataires appr\u00e9ciaient souvent.<\/p>\n<p>Et vous, aimeriez-vous aussi personnaliser vos pr\u00e9sents ? Commencez par ces douces \u00e9tiquettes qui vous permettront d\u2019ajouter un petit mot ou un pr\u00e9nom au dos, tout en apportant une touche d\u2019artisanat \u00e0 vos paquets. Elles sont toutes imagin\u00e9es, imprim\u00e9es et d\u00e9coup\u00e9es avec soin dans mon atelier !<\/p>\n","protected":false},"featured_media":1716,"comment_status":"open","ping_status":"closed","template":"","meta":[],"product_brand":[],"product_cat":[33],"product_tag":[],"class_list":{"0":"post-1715","1":"product","2":"type-product","3":"status-publish","4":"has-post-thumbnail","6":"product_cat-un-murmure-dans-le-vent","8":"first","9":"instock","10":"shipping-taxable","11":"purchasable","12":"product-type-simple"},"yoast_head":"<!-- This site is optimized with the Yoast SEO plugin v27.3 - https:\/\/yoast.com\/product\/yoast-seo-wordpress\/ -->\n<title>Jour de neige | Etiquettes cadeaux - Une \u00e9closion de douceur<\/title>\n<meta name=\"robots\" content=\"index, follow, max-snippet:-1, max-image-preview:large, max-video-preview:-1\" \/>\n<link rel=\"canonical\" href=\"https:\/\/uneeclosiondedouceur.fr\/index.php\/produit\/jour-de-neige-etiquettes-cadeaux\/\" \/>\n<meta property=\"og:locale\" content=\"fr_FR\" \/>\n<meta property=\"og:type\" content=\"article\" \/>\n<meta property=\"og:title\" content=\"Jour de neige | Etiquettes cadeaux - Une \u00e9closion de douceur\" \/>\n<meta property=\"og:description\" content=\"Reproduction de mes aquarelles  J\u2019ai toujours aim\u00e9 apporter un soin particulier \u00e0 chacun de mes pr\u00e9sents. Pendant que les maisons s\u2019allumaient dans mon village et que les fum\u00e9es de chemin\u00e9e enveloppaient le paysage blanc, je prenais le temps de fabriquer et de personnaliser mes cr\u00e9ations. Cela ajoutait une touche sp\u00e9ciale que mes destinataires appr\u00e9ciaient souvent.  Et vous, aimeriez-vous aussi personnaliser vos pr\u00e9sents ? Commencez par ces douces \u00e9tiquettes qui vous permettront d\u2019ajouter un petit mot ou un pr\u00e9nom au dos, tout en apportant une touche d\u2019artisanat \u00e0 vos paquets. Elles sont toutes imagin\u00e9es, imprim\u00e9es et d\u00e9coup\u00e9es avec soin dans mon atelier !\" \/>\n<meta property=\"og:url\" content=\"https:\/\/uneeclosiondedouceur.fr\/index.php\/produit\/jour-de-neige-etiquettes-cadeaux\/\" \/>\n<meta property=\"og:site_name\" content=\"Une \u00e9closion de douceur\" \/>\n<meta property=\"article:modified_time\" content=\"2025-12-05T17:09:33+00:00\" \/>\n<meta property=\"og:image\" content=\"https:\/\/uneeclosiondedouceur.fr\/wp-content\/uploads\/2025\/12\/IMG_20251201_132046.jpg\" \/>\n\t<meta property=\"og:image:width\" content=\"1259\" \/>\n\t<meta property=\"og:image:height\" content=\"1678\" \/>\n\t<meta property=\"og:image:type\" content=\"image\/jpeg\" \/>\n<meta name=\"twitter:card\" content=\"summary_large_image\" \/>\n<meta name=\"twitter:label1\" content=\"Dur\u00e9e de lecture estim\u00e9e\" \/>\n\t<meta name=\"twitter:data1\" content=\"1 minute\" \/>\n<script type=\"application\/ld+json\" class=\"yoast-schema-graph\">{\"@context\":\"https:\\\/\\\/schema.org\",\"@graph\":[{\"@type\":\"WebPage\",\"@id\":\"https:\\\/\\\/uneeclosiondedouceur.fr\\\/index.php\\\/produit\\\/jour-de-neige-etiquettes-cadeaux\\\/\",\"url\":\"https:\\\/\\\/uneeclosiondedouceur.fr\\\/index.php\\\/produit\\\/jour-de-neige-etiquettes-cadeaux\\\/\",\"name\":\"Jour de neige | Etiquettes cadeaux - Une \u00e9closion de douceur\",\"isPartOf\":{\"@id\":\"https:\\\/\\\/uneeclosiondedouceur.fr\\\/#website\"},\"primaryImageOfPage\":{\"@id\":\"https:\\\/\\\/uneeclosiondedouceur.fr\\\/index.php\\\/produit\\\/jour-de-neige-etiquettes-cadeaux\\\/#primaryimage\"},\"image\":{\"@id\":\"https:\\\/\\\/uneeclosiondedouceur.fr\\\/index.php\\\/produit\\\/jour-de-neige-etiquettes-cadeaux\\\/#primaryimage\"},\"thumbnailUrl\":\"https:\\\/\\\/uneeclosiondedouceur.fr\\\/wp-content\\\/uploads\\\/2025\\\/12\\\/IMG_20251201_132046.jpg\",\"datePublished\":\"2025-12-05T13:42:33+00:00\",\"dateModified\":\"2025-12-05T17:09:33+00:00\",\"breadcrumb\":{\"@id\":\"https:\\\/\\\/uneeclosiondedouceur.fr\\\/index.php\\\/produit\\\/jour-de-neige-etiquettes-cadeaux\\\/#breadcrumb\"},\"inLanguage\":\"fr-FR\",\"potentialAction\":[{\"@type\":\"ReadAction\",\"target\":[\"https:\\\/\\\/uneeclosiondedouceur.fr\\\/index.php\\\/produit\\\/jour-de-neige-etiquettes-cadeaux\\\/\"]}]},{\"@type\":\"ImageObject\",\"inLanguage\":\"fr-FR\",\"@id\":\"https:\\\/\\\/uneeclosiondedouceur.fr\\\/index.php\\\/produit\\\/jour-de-neige-etiquettes-cadeaux\\\/#primaryimage\",\"url\":\"https:\\\/\\\/uneeclosiondedouceur.fr\\\/wp-content\\\/uploads\\\/2025\\\/12\\\/IMG_20251201_132046.jpg\",\"contentUrl\":\"https:\\\/\\\/uneeclosiondedouceur.fr\\\/wp-content\\\/uploads\\\/2025\\\/12\\\/IMG_20251201_132046.jpg\",\"width\":1259,\"height\":1678},{\"@type\":\"BreadcrumbList\",\"@id\":\"https:\\\/\\\/uneeclosiondedouceur.fr\\\/index.php\\\/produit\\\/jour-de-neige-etiquettes-cadeaux\\\/#breadcrumb\",\"itemListElement\":[{\"@type\":\"ListItem\",\"position\":1,\"name\":\"Accueil\",\"item\":\"https:\\\/\\\/uneeclosiondedouceur.fr\\\/\"},{\"@type\":\"ListItem\",\"position\":2,\"name\":\"Boutique\",\"item\":\"https:\\\/\\\/uneeclosiondedouceur.fr\\\/index.php\\\/boutique\\\/\"},{\"@type\":\"ListItem\",\"position\":3,\"name\":\"Jour de neige | Etiquettes cadeaux\"}]},{\"@type\":\"WebSite\",\"@id\":\"https:\\\/\\\/uneeclosiondedouceur.fr\\\/#website\",\"url\":\"https:\\\/\\\/uneeclosiondedouceur.fr\\\/\",\"name\":\"Une \u00e9closion de douceur\",\"description\":\"Cr\u00e9ations florales et po\u00e9tiques\",\"publisher\":{\"@id\":\"https:\\\/\\\/uneeclosiondedouceur.fr\\\/#organization\"},\"potentialAction\":[{\"@type\":\"SearchAction\",\"target\":{\"@type\":\"EntryPoint\",\"urlTemplate\":\"https:\\\/\\\/uneeclosiondedouceur.fr\\\/?s={search_term_string}\"},\"query-input\":{\"@type\":\"PropertyValueSpecification\",\"valueRequired\":true,\"valueName\":\"search_term_string\"}}],\"inLanguage\":\"fr-FR\"},{\"@type\":\"Organization\",\"@id\":\"https:\\\/\\\/uneeclosiondedouceur.fr\\\/#organization\",\"name\":\"Une \u00e9closion de douceur\",\"url\":\"https:\\\/\\\/uneeclosiondedouceur.fr\\\/\",\"logo\":{\"@type\":\"ImageObject\",\"inLanguage\":\"fr-FR\",\"@id\":\"https:\\\/\\\/uneeclosiondedouceur.fr\\\/#\\\/schema\\\/logo\\\/image\\\/\",\"url\":\"https:\\\/\\\/uneeclosiondedouceur.fr\\\/wp-content\\\/uploads\\\/2025\\\/02\\\/Logo-2.png\",\"contentUrl\":\"https:\\\/\\\/uneeclosiondedouceur.fr\\\/wp-content\\\/uploads\\\/2025\\\/02\\\/Logo-2.png\",\"width\":500,\"height\":500,\"caption\":\"Une \u00e9closion de douceur\"},\"image\":{\"@id\":\"https:\\\/\\\/uneeclosiondedouceur.fr\\\/#\\\/schema\\\/logo\\\/image\\\/\"},\"sameAs\":[\"https:\\\/\\\/www.instagram.com\\\/une.eclosion.de.douceur\\\/\"]}]}<\/script>\n<!-- \/ Yoast SEO plugin. -->","yoast_head_json":{"title":"Jour de neige | Etiquettes cadeaux - Une \u00e9closion de douceur","robots":{"index":"index","follow":"follow","max-snippet":"max-snippet:-1","max-image-preview":"max-image-preview:large","max-video-preview":"max-video-preview:-1"},"canonical":"https:\/\/uneeclosiondedouceur.fr\/index.php\/produit\/jour-de-neige-etiquettes-cadeaux\/","og_locale":"fr_FR","og_type":"article","og_title":"Jour de neige | Etiquettes cadeaux - Une \u00e9closion de douceur","og_description":"Reproduction de mes aquarelles  J\u2019ai toujours aim\u00e9 apporter un soin particulier \u00e0 chacun de mes pr\u00e9sents. Pendant que les maisons s\u2019allumaient dans mon village et que les fum\u00e9es de chemin\u00e9e enveloppaient le paysage blanc, je prenais le temps de fabriquer et de personnaliser mes cr\u00e9ations. Cela ajoutait une touche sp\u00e9ciale que mes destinataires appr\u00e9ciaient souvent.  Et vous, aimeriez-vous aussi personnaliser vos pr\u00e9sents ? Commencez par ces douces \u00e9tiquettes qui vous permettront d\u2019ajouter un petit mot ou un pr\u00e9nom au dos, tout en apportant une touche d\u2019artisanat \u00e0 vos paquets. Elles sont toutes imagin\u00e9es, imprim\u00e9es et d\u00e9coup\u00e9es avec soin dans mon atelier !","og_url":"https:\/\/uneeclosiondedouceur.fr\/index.php\/produit\/jour-de-neige-etiquettes-cadeaux\/","og_site_name":"Une \u00e9closion de douceur","article_modified_time":"2025-12-05T17:09:33+00:00","og_image":[{"width":1259,"height":1678,"url":"https:\/\/uneeclosiondedouceur.fr\/wp-content\/uploads\/2025\/12\/IMG_20251201_132046.jpg","type":"image\/jpeg"}],"twitter_card":"summary_large_image","twitter_misc":{"Dur\u00e9e de lecture estim\u00e9e":"1 minute"},"schema":{"@context":"https:\/\/schema.org","@graph":[{"@type":"WebPage","@id":"https:\/\/uneeclosiondedouceur.fr\/index.php\/produit\/jour-de-neige-etiquettes-cadeaux\/","url":"https:\/\/uneeclosiondedouceur.fr\/index.php\/produit\/jour-de-neige-etiquettes-cadeaux\/","name":"Jour de neige | Etiquettes cadeaux - Une \u00e9closion de douceur","isPartOf":{"@id":"https:\/\/uneeclosiondedouceur.fr\/#website"},"primaryImageOfPage":{"@id":"https:\/\/uneeclosiondedouceur.fr\/index.php\/produit\/jour-de-neige-etiquettes-cadeaux\/#primaryimage"},"image":{"@id":"https:\/\/uneeclosiondedouceur.fr\/index.php\/produit\/jour-de-neige-etiquettes-cadeaux\/#primaryimage"},"thumbnailUrl":"https:\/\/uneeclosiondedouceur.fr\/wp-content\/uploads\/2025\/12\/IMG_20251201_132046.jpg","datePublished":"2025-12-05T13:42:33+00:00","dateModified":"2025-12-05T17:09:33+00:00","breadcrumb":{"@id":"https:\/\/uneeclosiondedouceur.fr\/index.php\/produit\/jour-de-neige-etiquettes-cadeaux\/#breadcrumb"},"inLanguage":"fr-FR","potentialAction":[{"@type":"ReadAction","target":["https:\/\/uneeclosiondedouceur.fr\/index.php\/produit\/jour-de-neige-etiquettes-cadeaux\/"]}]},{"@type":"ImageObject","inLanguage":"fr-FR","@id":"https:\/\/uneeclosiondedouceur.fr\/index.php\/produit\/jour-de-neige-etiquettes-cadeaux\/#primaryimage","url":"https:\/\/uneeclosiondedouceur.fr\/wp-content\/uploads\/2025\/12\/IMG_20251201_132046.jpg","contentUrl":"https:\/\/uneeclosiondedouceur.fr\/wp-content\/uploads\/2025\/12\/IMG_20251201_132046.jpg","width":1259,"height":1678},{"@type":"BreadcrumbList","@id":"https:\/\/uneeclosiondedouceur.fr\/index.php\/produit\/jour-de-neige-etiquettes-cadeaux\/#breadcrumb","itemListElement":[{"@type":"ListItem","position":1,"name":"Accueil","item":"https:\/\/uneeclosiondedouceur.fr\/"},{"@type":"ListItem","position":2,"name":"Boutique","item":"https:\/\/uneeclosiondedouceur.fr\/index.php\/boutique\/"},{"@type":"ListItem","position":3,"name":"Jour de neige | Etiquettes cadeaux"}]},{"@type":"WebSite","@id":"https:\/\/uneeclosiondedouceur.fr\/#website","url":"https:\/\/uneeclosiondedouceur.fr\/","name":"Une \u00e9closion de douceur","description":"Cr\u00e9ations florales et po\u00e9tiques","publisher":{"@id":"https:\/\/uneeclosiondedouceur.fr\/#organization"},"potentialAction":[{"@type":"SearchAction","target":{"@type":"EntryPoint","urlTemplate":"https:\/\/uneeclosiondedouceur.fr\/?s={search_term_string}"},"query-input":{"@type":"PropertyValueSpecification","valueRequired":true,"valueName":"search_term_string"}}],"inLanguage":"fr-FR"},{"@type":"Organization","@id":"https:\/\/uneeclosiondedouceur.fr\/#organization","name":"Une \u00e9closion de douceur","url":"https:\/\/uneeclosiondedouceur.fr\/","logo":{"@type":"ImageObject","inLanguage":"fr-FR","@id":"https:\/\/uneeclosiondedouceur.fr\/#\/schema\/logo\/image\/","url":"https:\/\/uneeclosiondedouceur.fr\/wp-content\/uploads\/2025\/02\/Logo-2.png","contentUrl":"https:\/\/uneeclosiondedouceur.fr\/wp-content\/uploads\/2025\/02\/Logo-2.png","width":500,"height":500,"caption":"Une \u00e9closion de douceur"},"image":{"@id":"https:\/\/uneeclosiondedouceur.fr\/#\/schema\/logo\/image\/"},"sameAs":["https:\/\/www.instagram.com\/une.eclosion.de.douceur\/"]}]}},"jetpack_sharing_enabled":true,"_links":{"self":[{"href":"https:\/\/uneeclosiondedouceur.fr\/index.php\/wp-json\/wp\/v2\/product\/1715","targetHints":{"allow":["GET"]}}],"collection":[{"href":"https:\/\/uneeclosiondedouceur.fr\/index.php\/wp-json\/wp\/v2\/product"}],"about":[{"href":"https:\/\/uneeclosiondedouceur.fr\/index.php\/wp-json\/wp\/v2\/types\/product"}],"replies":[{"embeddable":true,"href":"https:\/\/uneeclosiondedouceur.fr\/index.php\/wp-json\/wp\/v2\/comments?post=1715"}],"version-history":[{"count":3,"href":"https:\/\/uneeclosiondedouceur.fr\/index.php\/wp-json\/wp\/v2\/product\/1715\/revisions"}],"predecessor-version":[{"id":1768,"href":"https:\/\/uneeclosiondedouceur.fr\/index.php\/wp-json\/wp\/v2\/product\/1715\/revisions\/1768"}],"wp:featuredmedia":[{"embeddable":true,"href":"https:\/\/uneeclosiondedouceur.fr\/index.php\/wp-json\/wp\/v2\/media\/1716"}],"wp:attachment":[{"href":"https:\/\/uneeclosiondedouceur.fr\/index.php\/wp-json\/wp\/v2\/media?parent=1715"}],"wp:term":[{"taxonomy":"product_brand","embeddable":true,"href":"https:\/\/uneeclosiondedouceur.fr\/index.php\/wp-json\/wp\/v2\/product_brand?post=1715"},{"taxonomy":"product_cat","embeddable":true,"href":"https:\/\/uneeclosiondedouceur.fr\/index.php\/wp-json\/wp\/v2\/product_cat?post=1715"},{"taxonomy":"product_tag","embeddable":true,"href":"https:\/\/uneeclosiondedouceur.fr\/index.php\/wp-json\/wp\/v2\/product_tag?post=1715"}],"curies":[{"name":"wp","href":"https:\/\/api.w.org\/{rel}","templated":true}]}}