{"id":1735,"date":"2025-12-05T16:50:37","date_gmt":"2025-12-05T15:50:37","guid":{"rendered":"https:\/\/uneeclosiondedouceur.fr\/?post_type=product&#038;p=1735"},"modified":"2026-02-21T19:16:03","modified_gmt":"2026-02-21T18:16:03","slug":"un-bonhomme-de-neige-heureux-carte-personnalisee","status":"publish","type":"product","link":"https:\/\/uneeclosiondedouceur.fr\/index.php\/produit\/un-bonhomme-de-neige-heureux-carte-personnalisee\/","title":{"rendered":"Un bonhomme de neige heureux | Carte personnalis\u00e9e"},"content":{"rendered":"","protected":false},"excerpt":{"rendered":"<p>Reproduction de mes aquarelles<\/p>\n<p>Quel enfant n\u2019a jamais r\u00eav\u00e9 de construire son petit bonhomme de neige dans le jardin ? Alors que le soleil parvient enfin \u00e0 briser l\u2019obscurit\u00e9 de son \u00e9clat lumineux, les enfants s\u2019activent dehors \u00e0 dresser un bonhomme avec cet \u00e9pais manteau cotonneux sur le sol gel\u00e9. Leurs rires raisonnent dans la vall\u00e9e, comme un \u00e9cho du pass\u00e9 que le vent \u00e9tire jusqu\u2019\u00e0 moi. Voil\u00e0 que le petit bonhomme commence \u00e0 prendre vie sous le ciel bleu. Qu\u2019on le pr\u00e9f\u00e8re accoutr\u00e9 d\u2019un chapeau ou d\u2019un bonnet, de boutons ou d\u2019un manteau, avec ou sans gants, il deviendra l\u2019ami \u00e9ph\u00e9m\u00e8re de nos enfants !<\/p>\n<p>Et vous, dites-moi, avez-vous aussi gard\u00e9 votre \u00e2me d\u2019enfant ? Peut-\u00eatre seriez-vous s\u00e9duit par ces douces cartes \u00e0 envoyer \u00e0 un \u00eatre cher, pour partager un peu de cette magie ? Si c\u2019est le cas, \u00e0 qui souhaitez-vous les envoyer ? Elles sont toutes imagin\u00e9es, imprim\u00e9es et d\u00e9coup\u00e9es avec soin dans mon atelier !<\/p>\n","protected":false},"featured_media":1740,"comment_status":"open","ping_status":"closed","template":"","meta":[],"product_brand":[],"product_cat":[33],"product_tag":[],"class_list":{"0":"post-1735","1":"product","2":"type-product","3":"status-publish","4":"has-post-thumbnail","6":"product_cat-un-murmure-dans-le-vent","7":"wcpa_has_options","9":"first","10":"instock","11":"shipping-taxable","12":"purchasable","13":"product-type-variable"},"yoast_head":"<!-- This site is optimized with the Yoast SEO plugin v27.3 - https:\/\/yoast.com\/product\/yoast-seo-wordpress\/ -->\n<title>Un bonhomme de neige heureux | Carte personnalis\u00e9e - Une \u00e9closion de douceur<\/title>\n<meta name=\"robots\" content=\"index, follow, max-snippet:-1, max-image-preview:large, max-video-preview:-1\" \/>\n<link rel=\"canonical\" href=\"https:\/\/uneeclosiondedouceur.fr\/index.php\/produit\/un-bonhomme-de-neige-heureux-carte-personnalisee\/\" \/>\n<meta property=\"og:locale\" content=\"fr_FR\" \/>\n<meta property=\"og:type\" content=\"article\" \/>\n<meta property=\"og:title\" content=\"Un bonhomme de neige heureux | Carte personnalis\u00e9e - Une \u00e9closion de douceur\" \/>\n<meta property=\"og:description\" content=\"Reproduction de mes aquarelles  Quel enfant n\u2019a jamais r\u00eav\u00e9 de construire son petit bonhomme de neige dans le jardin ? Alors que le soleil parvient enfin \u00e0 briser l\u2019obscurit\u00e9 de son \u00e9clat lumineux, les enfants s\u2019activent dehors \u00e0 dresser un bonhomme avec cet \u00e9pais manteau cotonneux sur le sol gel\u00e9. Leurs rires raisonnent dans la vall\u00e9e, comme un \u00e9cho du pass\u00e9 que le vent \u00e9tire jusqu\u2019\u00e0 moi. Voil\u00e0 que le petit bonhomme commence \u00e0 prendre vie sous le ciel bleu. Qu\u2019on le pr\u00e9f\u00e8re accoutr\u00e9 d\u2019un chapeau ou d\u2019un bonnet, de boutons ou d\u2019un manteau, avec ou sans gants, il deviendra l\u2019ami \u00e9ph\u00e9m\u00e8re de nos enfants !  Et vous, dites-moi, avez-vous aussi gard\u00e9 votre \u00e2me d\u2019enfant ? Peut-\u00eatre seriez-vous s\u00e9duit par ces douces cartes \u00e0 envoyer \u00e0 un \u00eatre cher, pour partager un peu de cette magie ? Si c\u2019est le cas, \u00e0 qui souhaitez-vous les envoyer ? Elles sont toutes imagin\u00e9es, imprim\u00e9es et d\u00e9coup\u00e9es avec soin dans mon atelier !\" \/>\n<meta property=\"og:url\" content=\"https:\/\/uneeclosiondedouceur.fr\/index.php\/produit\/un-bonhomme-de-neige-heureux-carte-personnalisee\/\" \/>\n<meta property=\"og:site_name\" content=\"Une \u00e9closion de douceur\" \/>\n<meta property=\"article:modified_time\" content=\"2026-02-21T18:16:03+00:00\" \/>\n<meta property=\"og:image\" content=\"https:\/\/uneeclosiondedouceur.fr\/wp-content\/uploads\/2025\/12\/IMG_20251205_150458.jpg\" \/>\n\t<meta property=\"og:image:width\" content=\"1366\" \/>\n\t<meta property=\"og:image:height\" content=\"1822\" \/>\n\t<meta property=\"og:image:type\" content=\"image\/jpeg\" \/>\n<meta name=\"twitter:card\" content=\"summary_large_image\" \/>\n<meta name=\"twitter:label1\" content=\"Dur\u00e9e de lecture estim\u00e9e\" \/>\n\t<meta name=\"twitter:data1\" content=\"1 minute\" \/>\n<script type=\"application\/ld+json\" class=\"yoast-schema-graph\">{\"@context\":\"https:\\\/\\\/schema.org\",\"@graph\":[{\"@type\":\"WebPage\",\"@id\":\"https:\\\/\\\/uneeclosiondedouceur.fr\\\/index.php\\\/produit\\\/un-bonhomme-de-neige-heureux-carte-personnalisee\\\/\",\"url\":\"https:\\\/\\\/uneeclosiondedouceur.fr\\\/index.php\\\/produit\\\/un-bonhomme-de-neige-heureux-carte-personnalisee\\\/\",\"name\":\"Un bonhomme de neige heureux | Carte personnalis\u00e9e - Une \u00e9closion de douceur\",\"isPartOf\":{\"@id\":\"https:\\\/\\\/uneeclosiondedouceur.fr\\\/#website\"},\"primaryImageOfPage\":{\"@id\":\"https:\\\/\\\/uneeclosiondedouceur.fr\\\/index.php\\\/produit\\\/un-bonhomme-de-neige-heureux-carte-personnalisee\\\/#primaryimage\"},\"image\":{\"@id\":\"https:\\\/\\\/uneeclosiondedouceur.fr\\\/index.php\\\/produit\\\/un-bonhomme-de-neige-heureux-carte-personnalisee\\\/#primaryimage\"},\"thumbnailUrl\":\"https:\\\/\\\/uneeclosiondedouceur.fr\\\/wp-content\\\/uploads\\\/2025\\\/12\\\/IMG_20251205_150458.jpg\",\"datePublished\":\"2025-12-05T15:50:37+00:00\",\"dateModified\":\"2026-02-21T18:16:03+00:00\",\"breadcrumb\":{\"@id\":\"https:\\\/\\\/uneeclosiondedouceur.fr\\\/index.php\\\/produit\\\/un-bonhomme-de-neige-heureux-carte-personnalisee\\\/#breadcrumb\"},\"inLanguage\":\"fr-FR\",\"potentialAction\":[{\"@type\":\"ReadAction\",\"target\":[\"https:\\\/\\\/uneeclosiondedouceur.fr\\\/index.php\\\/produit\\\/un-bonhomme-de-neige-heureux-carte-personnalisee\\\/\"]}]},{\"@type\":\"ImageObject\",\"inLanguage\":\"fr-FR\",\"@id\":\"https:\\\/\\\/uneeclosiondedouceur.fr\\\/index.php\\\/produit\\\/un-bonhomme-de-neige-heureux-carte-personnalisee\\\/#primaryimage\",\"url\":\"https:\\\/\\\/uneeclosiondedouceur.fr\\\/wp-content\\\/uploads\\\/2025\\\/12\\\/IMG_20251205_150458.jpg\",\"contentUrl\":\"https:\\\/\\\/uneeclosiondedouceur.fr\\\/wp-content\\\/uploads\\\/2025\\\/12\\\/IMG_20251205_150458.jpg\",\"width\":1366,\"height\":1822},{\"@type\":\"BreadcrumbList\",\"@id\":\"https:\\\/\\\/uneeclosiondedouceur.fr\\\/index.php\\\/produit\\\/un-bonhomme-de-neige-heureux-carte-personnalisee\\\/#breadcrumb\",\"itemListElement\":[{\"@type\":\"ListItem\",\"position\":1,\"name\":\"Accueil\",\"item\":\"https:\\\/\\\/uneeclosiondedouceur.fr\\\/\"},{\"@type\":\"ListItem\",\"position\":2,\"name\":\"Boutique\",\"item\":\"https:\\\/\\\/uneeclosiondedouceur.fr\\\/index.php\\\/boutique\\\/\"},{\"@type\":\"ListItem\",\"position\":3,\"name\":\"Un bonhomme de neige heureux | Carte personnalis\u00e9e\"}]},{\"@type\":\"WebSite\",\"@id\":\"https:\\\/\\\/uneeclosiondedouceur.fr\\\/#website\",\"url\":\"https:\\\/\\\/uneeclosiondedouceur.fr\\\/\",\"name\":\"Une \u00e9closion de douceur\",\"description\":\"Cr\u00e9ations florales et po\u00e9tiques\",\"publisher\":{\"@id\":\"https:\\\/\\\/uneeclosiondedouceur.fr\\\/#organization\"},\"potentialAction\":[{\"@type\":\"SearchAction\",\"target\":{\"@type\":\"EntryPoint\",\"urlTemplate\":\"https:\\\/\\\/uneeclosiondedouceur.fr\\\/?s={search_term_string}\"},\"query-input\":{\"@type\":\"PropertyValueSpecification\",\"valueRequired\":true,\"valueName\":\"search_term_string\"}}],\"inLanguage\":\"fr-FR\"},{\"@type\":\"Organization\",\"@id\":\"https:\\\/\\\/uneeclosiondedouceur.fr\\\/#organization\",\"name\":\"Une \u00e9closion de douceur\",\"url\":\"https:\\\/\\\/uneeclosiondedouceur.fr\\\/\",\"logo\":{\"@type\":\"ImageObject\",\"inLanguage\":\"fr-FR\",\"@id\":\"https:\\\/\\\/uneeclosiondedouceur.fr\\\/#\\\/schema\\\/logo\\\/image\\\/\",\"url\":\"https:\\\/\\\/uneeclosiondedouceur.fr\\\/wp-content\\\/uploads\\\/2025\\\/02\\\/Logo-2.png\",\"contentUrl\":\"https:\\\/\\\/uneeclosiondedouceur.fr\\\/wp-content\\\/uploads\\\/2025\\\/02\\\/Logo-2.png\",\"width\":500,\"height\":500,\"caption\":\"Une \u00e9closion de douceur\"},\"image\":{\"@id\":\"https:\\\/\\\/uneeclosiondedouceur.fr\\\/#\\\/schema\\\/logo\\\/image\\\/\"},\"sameAs\":[\"https:\\\/\\\/www.instagram.com\\\/une.eclosion.de.douceur\\\/\"]}]}<\/script>\n<!-- \/ Yoast SEO plugin. -->","yoast_head_json":{"title":"Un bonhomme de neige heureux | Carte personnalis\u00e9e - Une \u00e9closion de douceur","robots":{"index":"index","follow":"follow","max-snippet":"max-snippet:-1","max-image-preview":"max-image-preview:large","max-video-preview":"max-video-preview:-1"},"canonical":"https:\/\/uneeclosiondedouceur.fr\/index.php\/produit\/un-bonhomme-de-neige-heureux-carte-personnalisee\/","og_locale":"fr_FR","og_type":"article","og_title":"Un bonhomme de neige heureux | Carte personnalis\u00e9e - Une \u00e9closion de douceur","og_description":"Reproduction de mes aquarelles  Quel enfant n\u2019a jamais r\u00eav\u00e9 de construire son petit bonhomme de neige dans le jardin ? Alors que le soleil parvient enfin \u00e0 briser l\u2019obscurit\u00e9 de son \u00e9clat lumineux, les enfants s\u2019activent dehors \u00e0 dresser un bonhomme avec cet \u00e9pais manteau cotonneux sur le sol gel\u00e9. Leurs rires raisonnent dans la vall\u00e9e, comme un \u00e9cho du pass\u00e9 que le vent \u00e9tire jusqu\u2019\u00e0 moi. Voil\u00e0 que le petit bonhomme commence \u00e0 prendre vie sous le ciel bleu. Qu\u2019on le pr\u00e9f\u00e8re accoutr\u00e9 d\u2019un chapeau ou d\u2019un bonnet, de boutons ou d\u2019un manteau, avec ou sans gants, il deviendra l\u2019ami \u00e9ph\u00e9m\u00e8re de nos enfants !  Et vous, dites-moi, avez-vous aussi gard\u00e9 votre \u00e2me d\u2019enfant ? Peut-\u00eatre seriez-vous s\u00e9duit par ces douces cartes \u00e0 envoyer \u00e0 un \u00eatre cher, pour partager un peu de cette magie ? Si c\u2019est le cas, \u00e0 qui souhaitez-vous les envoyer ? Elles sont toutes imagin\u00e9es, imprim\u00e9es et d\u00e9coup\u00e9es avec soin dans mon atelier !","og_url":"https:\/\/uneeclosiondedouceur.fr\/index.php\/produit\/un-bonhomme-de-neige-heureux-carte-personnalisee\/","og_site_name":"Une \u00e9closion de douceur","article_modified_time":"2026-02-21T18:16:03+00:00","og_image":[{"width":1366,"height":1822,"url":"https:\/\/uneeclosiondedouceur.fr\/wp-content\/uploads\/2025\/12\/IMG_20251205_150458.jpg","type":"image\/jpeg"}],"twitter_card":"summary_large_image","twitter_misc":{"Dur\u00e9e de lecture estim\u00e9e":"1 minute"},"schema":{"@context":"https:\/\/schema.org","@graph":[{"@type":"WebPage","@id":"https:\/\/uneeclosiondedouceur.fr\/index.php\/produit\/un-bonhomme-de-neige-heureux-carte-personnalisee\/","url":"https:\/\/uneeclosiondedouceur.fr\/index.php\/produit\/un-bonhomme-de-neige-heureux-carte-personnalisee\/","name":"Un bonhomme de neige heureux | Carte personnalis\u00e9e - Une \u00e9closion de douceur","isPartOf":{"@id":"https:\/\/uneeclosiondedouceur.fr\/#website"},"primaryImageOfPage":{"@id":"https:\/\/uneeclosiondedouceur.fr\/index.php\/produit\/un-bonhomme-de-neige-heureux-carte-personnalisee\/#primaryimage"},"image":{"@id":"https:\/\/uneeclosiondedouceur.fr\/index.php\/produit\/un-bonhomme-de-neige-heureux-carte-personnalisee\/#primaryimage"},"thumbnailUrl":"https:\/\/uneeclosiondedouceur.fr\/wp-content\/uploads\/2025\/12\/IMG_20251205_150458.jpg","datePublished":"2025-12-05T15:50:37+00:00","dateModified":"2026-02-21T18:16:03+00:00","breadcrumb":{"@id":"https:\/\/uneeclosiondedouceur.fr\/index.php\/produit\/un-bonhomme-de-neige-heureux-carte-personnalisee\/#breadcrumb"},"inLanguage":"fr-FR","potentialAction":[{"@type":"ReadAction","target":["https:\/\/uneeclosiondedouceur.fr\/index.php\/produit\/un-bonhomme-de-neige-heureux-carte-personnalisee\/"]}]},{"@type":"ImageObject","inLanguage":"fr-FR","@id":"https:\/\/uneeclosiondedouceur.fr\/index.php\/produit\/un-bonhomme-de-neige-heureux-carte-personnalisee\/#primaryimage","url":"https:\/\/uneeclosiondedouceur.fr\/wp-content\/uploads\/2025\/12\/IMG_20251205_150458.jpg","contentUrl":"https:\/\/uneeclosiondedouceur.fr\/wp-content\/uploads\/2025\/12\/IMG_20251205_150458.jpg","width":1366,"height":1822},{"@type":"BreadcrumbList","@id":"https:\/\/uneeclosiondedouceur.fr\/index.php\/produit\/un-bonhomme-de-neige-heureux-carte-personnalisee\/#breadcrumb","itemListElement":[{"@type":"ListItem","position":1,"name":"Accueil","item":"https:\/\/uneeclosiondedouceur.fr\/"},{"@type":"ListItem","position":2,"name":"Boutique","item":"https:\/\/uneeclosiondedouceur.fr\/index.php\/boutique\/"},{"@type":"ListItem","position":3,"name":"Un bonhomme de neige heureux | Carte personnalis\u00e9e"}]},{"@type":"WebSite","@id":"https:\/\/uneeclosiondedouceur.fr\/#website","url":"https:\/\/uneeclosiondedouceur.fr\/","name":"Une \u00e9closion de douceur","description":"Cr\u00e9ations florales et po\u00e9tiques","publisher":{"@id":"https:\/\/uneeclosiondedouceur.fr\/#organization"},"potentialAction":[{"@type":"SearchAction","target":{"@type":"EntryPoint","urlTemplate":"https:\/\/uneeclosiondedouceur.fr\/?s={search_term_string}"},"query-input":{"@type":"PropertyValueSpecification","valueRequired":true,"valueName":"search_term_string"}}],"inLanguage":"fr-FR"},{"@type":"Organization","@id":"https:\/\/uneeclosiondedouceur.fr\/#organization","name":"Une \u00e9closion de douceur","url":"https:\/\/uneeclosiondedouceur.fr\/","logo":{"@type":"ImageObject","inLanguage":"fr-FR","@id":"https:\/\/uneeclosiondedouceur.fr\/#\/schema\/logo\/image\/","url":"https:\/\/uneeclosiondedouceur.fr\/wp-content\/uploads\/2025\/02\/Logo-2.png","contentUrl":"https:\/\/uneeclosiondedouceur.fr\/wp-content\/uploads\/2025\/02\/Logo-2.png","width":500,"height":500,"caption":"Une \u00e9closion de douceur"},"image":{"@id":"https:\/\/uneeclosiondedouceur.fr\/#\/schema\/logo\/image\/"},"sameAs":["https:\/\/www.instagram.com\/une.eclosion.de.douceur\/"]}]}},"jetpack_sharing_enabled":true,"_links":{"self":[{"href":"https:\/\/uneeclosiondedouceur.fr\/index.php\/wp-json\/wp\/v2\/product\/1735","targetHints":{"allow":["GET"]}}],"collection":[{"href":"https:\/\/uneeclosiondedouceur.fr\/index.php\/wp-json\/wp\/v2\/product"}],"about":[{"href":"https:\/\/uneeclosiondedouceur.fr\/index.php\/wp-json\/wp\/v2\/types\/product"}],"replies":[{"embeddable":true,"href":"https:\/\/uneeclosiondedouceur.fr\/index.php\/wp-json\/wp\/v2\/comments?post=1735"}],"version-history":[{"count":4,"href":"https:\/\/uneeclosiondedouceur.fr\/index.php\/wp-json\/wp\/v2\/product\/1735\/revisions"}],"predecessor-version":[{"id":1823,"href":"https:\/\/uneeclosiondedouceur.fr\/index.php\/wp-json\/wp\/v2\/product\/1735\/revisions\/1823"}],"wp:featuredmedia":[{"embeddable":true,"href":"https:\/\/uneeclosiondedouceur.fr\/index.php\/wp-json\/wp\/v2\/media\/1740"}],"wp:attachment":[{"href":"https:\/\/uneeclosiondedouceur.fr\/index.php\/wp-json\/wp\/v2\/media?parent=1735"}],"wp:term":[{"taxonomy":"product_brand","embeddable":true,"href":"https:\/\/uneeclosiondedouceur.fr\/index.php\/wp-json\/wp\/v2\/product_brand?post=1735"},{"taxonomy":"product_cat","embeddable":true,"href":"https:\/\/uneeclosiondedouceur.fr\/index.php\/wp-json\/wp\/v2\/product_cat?post=1735"},{"taxonomy":"product_tag","embeddable":true,"href":"https:\/\/uneeclosiondedouceur.fr\/index.php\/wp-json\/wp\/v2\/product_tag?post=1735"}],"curies":[{"name":"wp","href":"https:\/\/api.w.org\/{rel}","templated":true}]}}